{"id":3313,"date":"2025-12-01T11:14:59","date_gmt":"2025-12-01T11:14:59","guid":{"rendered":"https:\/\/xn--leaallomo-m6a.com\/?post_type=product&#038;p=3313"},"modified":"2025-12-02T11:59:22","modified_gmt":"2025-12-02T11:59:22","slug":"gildas","status":"publish","type":"product","link":"https:\/\/xn--leaallomo-m6a.com\/?product=gildas","title":{"rendered":"Gildas"},"content":{"rendered":"","protected":false},"excerpt":{"rendered":"<p style=\"text-align: left;\">Gildas de boquer\u00f3n, anchoa y aceitunas (10 uds)<\/p>\n<p>&nbsp;<\/p>\n<details>\n<summary><strong>Al\u00e9rgenos<\/strong><\/summary>\n<p class=\"p1\"><span class=\"s1\">Pescado<\/span><\/p>\n<\/details>\n<details>\n<summary><strong>Ingredientes<\/strong><\/summary>\n<p class=\"p1\">Anchoas, boquerones, guindillas y aceitunas<\/p>\n<\/details>\n<details>\n<summary><strong>Modo de preparaci\u00f3n<\/strong><\/summary>\n<p>\u00a1De la bolsa a la mesa!<\/p>\n<\/details>\n","protected":false},"featured_media":3314,"template":"","meta":[],"product_brand":[],"product_cat":[75,78],"product_tag":[],"class_list":{"0":"post-3313","1":"product","2":"type-product","3":"status-publish","4":"has-post-thumbnail","6":"product_cat-lena-en-tu-casa","7":"product_cat-aperitivos","9":"first","10":"instock","11":"taxable","12":"shipping-taxable","13":"purchasable","14":"product-type-simple"},"yoast_head":"<!-- This site is optimized with the Yoast SEO plugin v25.3 - https:\/\/yoast.com\/wordpress\/plugins\/seo\/ -->\n<title>Gildas - Le\u00f1a al Lomo<\/title>\n<meta name=\"robots\" content=\"index, follow, max-snippet:-1, max-image-preview:large, max-video-preview:-1\" \/>\n<link rel=\"canonical\" href=\"https:\/\/xn--leaallomo-m6a.com\/product\/gildas\/\" \/>\n<meta property=\"og:locale\" content=\"es_ES\" \/>\n<meta property=\"og:type\" content=\"article\" \/>\n<meta property=\"og:title\" content=\"Gildas - Le\u00f1a al Lomo\" \/>\n<meta property=\"og:description\" content=\"Gildas de boquer\u00f3n, anchoa y aceitunas (10 uds) &nbsp;  Al\u00e9rgenos Pescado   Ingredientes Anchoas, boquerones, guindillas y aceitunas   Modo de preparaci\u00f3n\u00a1De la bolsa a la mesa!\" \/>\n<meta property=\"og:url\" content=\"https:\/\/xn--leaallomo-m6a.com\/product\/gildas\/\" \/>\n<meta property=\"og:site_name\" content=\"Le\u00f1a al Lomo\" \/>\n<meta property=\"article:modified_time\" content=\"2025-12-02T11:59:22+00:00\" \/>\n<meta property=\"og:image\" content=\"https:\/\/xn--leaallomo-m6a.com\/wp-content\/uploads\/2025\/12\/Lena-al-lomo-16.jpg\" \/>\n\t<meta property=\"og:image:width\" content=\"800\" \/>\n\t<meta property=\"og:image:height\" content=\"533\" \/>\n\t<meta property=\"og:image:type\" content=\"image\/jpeg\" \/>\n<meta name=\"twitter:card\" content=\"summary_large_image\" \/>\n<meta name=\"twitter:label1\" content=\"Tiempo de lectura\" \/>\n\t<meta name=\"twitter:data1\" content=\"1 minuto\" \/>\n<script type=\"application\/ld+json\" class=\"yoast-schema-graph\">{\"@context\":\"https:\/\/schema.org\",\"@graph\":[{\"@type\":\"WebPage\",\"@id\":\"https:\/\/xn--leaallomo-m6a.com\/product\/gildas\/\",\"url\":\"https:\/\/xn--leaallomo-m6a.com\/product\/gildas\/\",\"name\":\"Gildas - Le\u00f1a al Lomo\",\"isPartOf\":{\"@id\":\"https:\/\/xn--leaallomo-m6a.com\/#website\"},\"primaryImageOfPage\":{\"@id\":\"https:\/\/xn--leaallomo-m6a.com\/product\/gildas\/#primaryimage\"},\"image\":{\"@id\":\"https:\/\/xn--leaallomo-m6a.com\/product\/gildas\/#primaryimage\"},\"thumbnailUrl\":\"https:\/\/xn--leaallomo-m6a.com\/wp-content\/uploads\/2025\/12\/Lena-al-lomo-16.jpg\",\"datePublished\":\"2025-12-01T11:14:59+00:00\",\"dateModified\":\"2025-12-02T11:59:22+00:00\",\"breadcrumb\":{\"@id\":\"https:\/\/xn--leaallomo-m6a.com\/product\/gildas\/#breadcrumb\"},\"inLanguage\":\"es\",\"potentialAction\":[{\"@type\":\"ReadAction\",\"target\":[\"https:\/\/xn--leaallomo-m6a.com\/product\/gildas\/\"]}]},{\"@type\":\"ImageObject\",\"inLanguage\":\"es\",\"@id\":\"https:\/\/xn--leaallomo-m6a.com\/product\/gildas\/#primaryimage\",\"url\":\"https:\/\/xn--leaallomo-m6a.com\/wp-content\/uploads\/2025\/12\/Lena-al-lomo-16.jpg\",\"contentUrl\":\"https:\/\/xn--leaallomo-m6a.com\/wp-content\/uploads\/2025\/12\/Lena-al-lomo-16.jpg\",\"width\":800,\"height\":533},{\"@type\":\"BreadcrumbList\",\"@id\":\"https:\/\/xn--leaallomo-m6a.com\/product\/gildas\/#breadcrumb\",\"itemListElement\":[{\"@type\":\"ListItem\",\"position\":1,\"name\":\"Portada\",\"item\":\"https:\/\/xn--leaallomo-m6a.com\/\"},{\"@type\":\"ListItem\",\"position\":2,\"name\":\"Shop\",\"item\":\"https:\/\/xn--leaallomo-m6a.com\/?page_id=8\"},{\"@type\":\"ListItem\",\"position\":3,\"name\":\"Gildas\"}]},{\"@type\":\"WebSite\",\"@id\":\"https:\/\/xn--leaallomo-m6a.com\/#website\",\"url\":\"https:\/\/xn--leaallomo-m6a.com\/\",\"name\":\"Le\u00f1a al Lomo\",\"description\":\"\",\"potentialAction\":[{\"@type\":\"SearchAction\",\"target\":{\"@type\":\"EntryPoint\",\"urlTemplate\":\"https:\/\/xn--leaallomo-m6a.com\/?s={search_term_string}\"},\"query-input\":{\"@type\":\"PropertyValueSpecification\",\"valueRequired\":true,\"valueName\":\"search_term_string\"}}],\"inLanguage\":\"es\"}]}<\/script>\n<!-- \/ Yoast SEO plugin. -->","yoast_head_json":{"title":"Gildas - Le\u00f1a al Lomo","robots":{"index":"index","follow":"follow","max-snippet":"max-snippet:-1","max-image-preview":"max-image-preview:large","max-video-preview":"max-video-preview:-1"},"canonical":"https:\/\/xn--leaallomo-m6a.com\/product\/gildas\/","og_locale":"es_ES","og_type":"article","og_title":"Gildas - Le\u00f1a al Lomo","og_description":"Gildas de boquer\u00f3n, anchoa y aceitunas (10 uds) &nbsp;  Al\u00e9rgenos Pescado   Ingredientes Anchoas, boquerones, guindillas y aceitunas   Modo de preparaci\u00f3n\u00a1De la bolsa a la mesa!","og_url":"https:\/\/xn--leaallomo-m6a.com\/product\/gildas\/","og_site_name":"Le\u00f1a al Lomo","article_modified_time":"2025-12-02T11:59:22+00:00","og_image":[{"width":800,"height":533,"url":"https:\/\/xn--leaallomo-m6a.com\/wp-content\/uploads\/2025\/12\/Lena-al-lomo-16.jpg","type":"image\/jpeg"}],"twitter_card":"summary_large_image","twitter_misc":{"Tiempo de lectura":"1 minuto"},"schema":{"@context":"https:\/\/schema.org","@graph":[{"@type":"WebPage","@id":"https:\/\/xn--leaallomo-m6a.com\/product\/gildas\/","url":"https:\/\/xn--leaallomo-m6a.com\/product\/gildas\/","name":"Gildas - Le\u00f1a al Lomo","isPartOf":{"@id":"https:\/\/xn--leaallomo-m6a.com\/#website"},"primaryImageOfPage":{"@id":"https:\/\/xn--leaallomo-m6a.com\/product\/gildas\/#primaryimage"},"image":{"@id":"https:\/\/xn--leaallomo-m6a.com\/product\/gildas\/#primaryimage"},"thumbnailUrl":"https:\/\/xn--leaallomo-m6a.com\/wp-content\/uploads\/2025\/12\/Lena-al-lomo-16.jpg","datePublished":"2025-12-01T11:14:59+00:00","dateModified":"2025-12-02T11:59:22+00:00","breadcrumb":{"@id":"https:\/\/xn--leaallomo-m6a.com\/product\/gildas\/#breadcrumb"},"inLanguage":"es","potentialAction":[{"@type":"ReadAction","target":["https:\/\/xn--leaallomo-m6a.com\/product\/gildas\/"]}]},{"@type":"ImageObject","inLanguage":"es","@id":"https:\/\/xn--leaallomo-m6a.com\/product\/gildas\/#primaryimage","url":"https:\/\/xn--leaallomo-m6a.com\/wp-content\/uploads\/2025\/12\/Lena-al-lomo-16.jpg","contentUrl":"https:\/\/xn--leaallomo-m6a.com\/wp-content\/uploads\/2025\/12\/Lena-al-lomo-16.jpg","width":800,"height":533},{"@type":"BreadcrumbList","@id":"https:\/\/xn--leaallomo-m6a.com\/product\/gildas\/#breadcrumb","itemListElement":[{"@type":"ListItem","position":1,"name":"Portada","item":"https:\/\/xn--leaallomo-m6a.com\/"},{"@type":"ListItem","position":2,"name":"Shop","item":"https:\/\/xn--leaallomo-m6a.com\/?page_id=8"},{"@type":"ListItem","position":3,"name":"Gildas"}]},{"@type":"WebSite","@id":"https:\/\/xn--leaallomo-m6a.com\/#website","url":"https:\/\/xn--leaallomo-m6a.com\/","name":"Le\u00f1a al Lomo","description":"","potentialAction":[{"@type":"SearchAction","target":{"@type":"EntryPoint","urlTemplate":"https:\/\/xn--leaallomo-m6a.com\/?s={search_term_string}"},"query-input":{"@type":"PropertyValueSpecification","valueRequired":true,"valueName":"search_term_string"}}],"inLanguage":"es"}]}},"_links":{"self":[{"href":"https:\/\/xn--leaallomo-m6a.com\/index.php?rest_route=\/wp\/v2\/product\/3313","targetHints":{"allow":["GET"]}}],"collection":[{"href":"https:\/\/xn--leaallomo-m6a.com\/index.php?rest_route=\/wp\/v2\/product"}],"about":[{"href":"https:\/\/xn--leaallomo-m6a.com\/index.php?rest_route=\/wp\/v2\/types\/product"}],"wp:featuredmedia":[{"embeddable":true,"href":"https:\/\/xn--leaallomo-m6a.com\/index.php?rest_route=\/wp\/v2\/media\/3314"}],"wp:attachment":[{"href":"https:\/\/xn--leaallomo-m6a.com\/index.php?rest_route=%2Fwp%2Fv2%2Fmedia&parent=3313"}],"wp:term":[{"taxonomy":"product_brand","embeddable":true,"href":"https:\/\/xn--leaallomo-m6a.com\/index.php?rest_route=%2Fwp%2Fv2%2Fproduct_brand&post=3313"},{"taxonomy":"product_cat","embeddable":true,"href":"https:\/\/xn--leaallomo-m6a.com\/index.php?rest_route=%2Fwp%2Fv2%2Fproduct_cat&post=3313"},{"taxonomy":"product_tag","embeddable":true,"href":"https:\/\/xn--leaallomo-m6a.com\/index.php?rest_route=%2Fwp%2Fv2%2Fproduct_tag&post=3313"}],"curies":[{"name":"wp","href":"https:\/\/api.w.org\/{rel}","templated":true}]}}