{"id":625,"date":"2019-10-29T12:01:15","date_gmt":"2019-10-29T12:01:15","guid":{"rendered":"https:\/\/laurent.qodeinteractive.com\/?page_id=625"},"modified":"2024-04-08T11:23:36","modified_gmt":"2024-04-08T11:23:36","slug":"quienes-somos","status":"publish","type":"page","link":"https:\/\/xn--leaallomo-m6a.com\/?page_id=625","title":{"rendered":"Qui\u00e9nes somos"},"content":{"rendered":"<div class=\"wpb-content-wrapper\"><p>[vc_row][vc_column offset=\u00bbvc_hidden-lg vc_hidden-md vc_hidden-sm\u00bb][vc_empty_space height=\u00bb82px\u00bb][\/vc_column][\/vc_row][vc_row css=\u00bb.vc_custom_1617878235212{padding-top: 100px !important;}\u00bb pattern_svg_path=\u00bb\u00bb][vc_column width=\u00bb1\/4&#8243;][\/vc_column][vc_column width=\u00bb1\/2&#8243;]<div class=\"eltdf-section-title-holder    eltdf-st-decor-animation\" style=\"text-align: center\">\n\t<div class=\"eltdf-st-inner\">\n                    <span class=\"eltdf-st-tagline\">\n                Restaurante            <\/span>\n        \t\t            <div class=\"eltdf-st-title-holder\">\n                                    <div class=\"decor\"><svg xmlns=\"http:\/\/www.w3.org\/2000\/svg\" width=\"41.125\" height=\"9.146\">\n                            <path fill=\"none\" stroke=\"#9C7C57\" stroke-miterlimit=\"10\" d=\"M40.881 8.576L20.562.591.244 8.576\"\/>\n                            <path fill=\"none\" stroke=\"#9C7C57\" stroke-miterlimit=\"10\" d=\"M40.881.591L20.562 8.576.243.591\"\/>\n                        <\/svg><\/div>\n                                <h2 class=\"eltdf-st-title\" >\n                    Le\u00f1a al Lomo                <\/h2>\n                                    <div class=\"decor\"><svg xmlns=\"http:\/\/www.w3.org\/2000\/svg\" width=\"41.125\" height=\"9.146\">\n                            <path fill=\"none\" stroke=\"#9C7C57\" stroke-miterlimit=\"10\" d=\"M40.881 8.576L20.562.591.244 8.576\"\/>\n                            <path fill=\"none\" stroke=\"#9C7C57\" stroke-miterlimit=\"10\" d=\"M40.881.591L20.562 8.576.243.591\"\/>\n                        <\/svg><\/div>\n                            <\/div>\n\t\t\t\t\t\t\t<p class=\"eltdf-st-text\" >\n\t\t\t\tLe\u00f1a al lomo nace all\u00e1 por el 2016, bajo la idea central de crear un nuevo concepto de brasseria, brasseria cuya partida diferencial son las brasas prendadas con carb\u00f3n de encina, esto aporta una intensidad y olor caracter\u00edstico adem\u00e1s, favorece el control de la temperatura. El resultado final de todo lo anterior son platos de alta calidad.\t\t\t<\/p>\n\t\t\t\t\t<\/div>\n<\/div>[vc_empty_space height=\u00bb12px\u00bb][\/vc_column][vc_column width=\u00bb1\/4&#8243;][\/vc_column][\/vc_row][vc_row row_content_width=\u00bbgrid\u00bb content_text_aligment=\u00bbcenter\u00bb css=\u00bb.vc_custom_1617878240456{padding-top: 30px !important;padding-bottom: 80px !important;}\u00bb pattern_svg_path=\u00bb\u00bb][vc_column offset=\u00bbvc_col-lg-3 vc_col-md-12&#8243;]<div class=\"eltdf-elements-holder   eltdf-one-column  eltdf-responsive-mode-768  \" ><div class=\"eltdf-eh-item    \"  data-item-class=\"eltdf-eh-custom-1558\"     >\n\t<div class=\"eltdf-eh-item-inner\">\n\t\t<div class=\"eltdf-eh-item-content eltdf-eh-custom-1558\" style=\"padding: 5% 0 0 0\">\n\t\t\t<div class=\"eltdf-single-image-holder     eltdf-image-appear-none\">\n    <div class=\"eltdf-si-inner\" >\n                                                        <img loading=\"lazy\" decoding=\"async\" width=\"800\" height=\"1275\" src=\"https:\/\/xn--leaallomo-m6a.com\/wp-content\/uploads\/2021\/04\/Imagenes-verticales-pagina-02_1.jpg\" class=\"attachment-full size-full\" alt=\"\" srcset=\"https:\/\/xn--leaallomo-m6a.com\/wp-content\/uploads\/2021\/04\/Imagenes-verticales-pagina-02_1.jpg 800w, https:\/\/xn--leaallomo-m6a.com\/wp-content\/uploads\/2021\/04\/Imagenes-verticales-pagina-02_1-188x300.jpg 188w, https:\/\/xn--leaallomo-m6a.com\/wp-content\/uploads\/2021\/04\/Imagenes-verticales-pagina-02_1-643x1024.jpg 643w, https:\/\/xn--leaallomo-m6a.com\/wp-content\/uploads\/2021\/04\/Imagenes-verticales-pagina-02_1-768x1224.jpg 768w\" sizes=\"auto, (max-width: 800px) 100vw, 800px\" \/>                                                <\/div>\n<\/div>\t\t<\/div>\n\t<\/div>\n<\/div><\/div>[\/vc_column][vc_column offset=\u00bbvc_col-lg-6 vc_col-md-12&#8243;]<div class=\"eltdf-elements-holder   eltdf-three-columns  eltdf-responsive-mode-1024  \" ><div class=\"eltdf-eh-item    \"  data-item-class=\"eltdf-eh-custom-4546\" data-1400-1600=\"0 6%\" data-1025-1399=\"0 6%\" data-680=\"0 0\">\n\t<div class=\"eltdf-eh-item-inner\">\n\t\t<div class=\"eltdf-eh-item-content eltdf-eh-custom-4546\" style=\"padding: 5% 5%\">\n\t\t\t[vc_empty_space height=\u00bb24px\u00bb][vc_column_text]<\/p>\n<p>Apreciamos la tradici\u00f3n, es por ello por lo que entendemos que la calidad de nuestras materias primas debe estar a la altura de los paladares m\u00e1s exigentes, en lo que a amantes de la carne se refiere. A dem\u00e1s, estamos al tanto de las \u00faltimas novedades, para que nuestra cocina sea una cocina de tradici\u00f3n y vanguardia siempre en constante evoluci\u00f3n y progreso hacia una mejora constante<\/p>\n<p>[\/vc_column_text][vc_empty_space height=\u00bb12px\u00bb]\t\t<\/div>\n\t<\/div>\n<\/div><\/div>[\/vc_column][vc_column offset=\u00bbvc_col-lg-3 vc_col-md-12&#8243;]<div class=\"eltdf-elements-holder   eltdf-one-column  eltdf-responsive-mode-768  \" ><div class=\"eltdf-eh-item    \"  data-item-class=\"eltdf-eh-custom-7226\"     >\n\t<div class=\"eltdf-eh-item-inner\">\n\t\t<div class=\"eltdf-eh-item-content eltdf-eh-custom-7226\" style=\"padding: 5% 0 0 0\">\n\t\t\t<div class=\"eltdf-single-image-holder     eltdf-image-appear-none\">\n    <div class=\"eltdf-si-inner\" >\n                                                        <img loading=\"lazy\" decoding=\"async\" width=\"800\" height=\"1275\" src=\"https:\/\/xn--leaallomo-m6a.com\/wp-content\/uploads\/2021\/04\/Imagenes-verticales-pagina-01_1.jpg\" class=\"attachment-full size-full\" alt=\"\" srcset=\"https:\/\/xn--leaallomo-m6a.com\/wp-content\/uploads\/2021\/04\/Imagenes-verticales-pagina-01_1.jpg 800w, https:\/\/xn--leaallomo-m6a.com\/wp-content\/uploads\/2021\/04\/Imagenes-verticales-pagina-01_1-188x300.jpg 188w, https:\/\/xn--leaallomo-m6a.com\/wp-content\/uploads\/2021\/04\/Imagenes-verticales-pagina-01_1-643x1024.jpg 643w, https:\/\/xn--leaallomo-m6a.com\/wp-content\/uploads\/2021\/04\/Imagenes-verticales-pagina-01_1-768x1224.jpg 768w\" sizes=\"auto, (max-width: 800px) 100vw, 800px\" \/>                                                <\/div>\n<\/div>\t\t<\/div>\n\t<\/div>\n<\/div><\/div>[\/vc_column][\/vc_row][vc_row row_content_width=\u00bbgrid\u00bb content_text_aligment=\u00bbcenter\u00bb css=\u00bb.vc_custom_1617894950643{padding-top: 18.7% !important;padding-bottom: 18.7% !important;}\u00bb parallax_background_image=\u00bb2833&#8243; pattern_svg_path=\u00bb\u00bb][vc_column][\/vc_column][\/vc_row][vc_row css=\u00bb.vc_custom_1617876970420{padding-top: 107px !important;padding-bottom: 85px !important;}\u00bb pattern_svg_path=\u00bb\u00bb][vc_column]<div class=\"eltdf-elements-holder   eltdf-one-column  eltdf-responsive-mode-768  \" ><div class=\"eltdf-eh-item    \"  data-item-class=\"eltdf-eh-custom-3802\" data-1400-1600=\"0 9.7%\" data-1025-1399=\"0 11.5%\" data-769-1024=\"0 10%\" data-681-768=\"0 8%\" data-680=\"0 3.5%\">\n\t<div class=\"eltdf-eh-item-inner\">\n\t\t<div class=\"eltdf-eh-item-content eltdf-eh-custom-3802\" style=\"padding: 0 14%\">\n\t\t\t<div class=\"eltdf-testimonials-holder clearfix eltdf-testimonials-standard \">\n    <div class=\"eltdf-testimonials-mark\"><\/div>\n    <div class=\"eltdf-testimonials eltdf-owl-slider\" data-number-of-items=\"1\" data-enable-loop=\"yes\" data-enable-autoplay=\"yes\" data-slider-speed=\"5000\" data-slider-speed-animation=\"600\" data-enable-navigation=\"yes\" data-enable-pagination=\"yes\" >\n\n    Sorry, no posts matched your criteria.\n    <\/div>\n<\/div>\t\t<\/div>\n\t<\/div>\n<\/div><\/div>[\/vc_column][\/vc_row]<\/p>\n<\/div>","protected":false},"excerpt":{"rendered":"<p>[vc_row][vc_column offset=\u00bbvc_hidden-lg vc_hidden-md vc_hidden-sm\u00bb][vc_empty_space height=\u00bb82px\u00bb][\/vc_column][\/vc_row][vc_row css=\u00bb.vc_custom_1617878235212{padding-top: 100px !important;}\u00bb pattern_svg_path=\u00bb\u00bb][vc_column width=\u00bb1\/4&#8243;][\/vc_column][vc_column width=\u00bb1\/2&#8243;][vc_empty_space height=\u00bb12px\u00bb][\/vc_column][vc_column width=\u00bb1\/4&#8243;][\/vc_column][\/vc_row][vc_row row_content_width=\u00bbgrid\u00bb content_text_aligment=\u00bbcenter\u00bb css=\u00bb.vc_custom_1617878240456{padding-top: 30px !important;padding-bottom: 80px !important;}\u00bb pattern_svg_path=\u00bb\u00bb][vc_column offset=\u00bbvc_col-lg-3 vc_col-md-12&#8243;][\/vc_column][vc_column offset=\u00bbvc_col-lg-6 vc_col-md-12&#8243;][\/vc_column][vc_column offset=\u00bbvc_col-lg-3 vc_col-md-12&#8243;][\/vc_column][\/vc_row][vc_row row_content_width=\u00bbgrid\u00bb content_text_aligment=\u00bbcenter\u00bb css=\u00bb.vc_custom_1617894950643{padding-top: 18.7% !important;padding-bottom: 18.7% !important;}\u00bb parallax_background_image=\u00bb2833&#8243; pattern_svg_path=\u00bb\u00bb][vc_column][\/vc_column][\/vc_row][vc_row css=\u00bb.vc_custom_1617876970420{padding-top: 107px !important;padding-bottom: 85px !important;}\u00bb pattern_svg_path=\u00bb\u00bb][vc_column][\/vc_column][\/vc_row]<\/p>\n","protected":false},"author":1,"featured_media":0,"parent":0,"menu_order":0,"comment_status":"closed","ping_status":"closed","template":"full-width.php","meta":{"footnotes":""},"class_list":["post-625","page","type-page","status-publish","hentry"],"yoast_head":"<!-- This site is optimized with the Yoast SEO plugin v25.3 - https:\/\/yoast.com\/wordpress\/plugins\/seo\/ -->\n<title>Qui\u00e9nes somos - Le\u00f1a al Lomo<\/title>\n<meta name=\"robots\" content=\"index, follow, max-snippet:-1, max-image-preview:large, max-video-preview:-1\" \/>\n<link rel=\"canonical\" href=\"https:\/\/xn--leaallomo-m6a.com\/?page_id=625\" \/>\n<meta property=\"og:locale\" content=\"es_ES\" \/>\n<meta property=\"og:type\" content=\"article\" \/>\n<meta property=\"og:title\" content=\"Qui\u00e9nes somos - Le\u00f1a al Lomo\" \/>\n<meta property=\"og:description\" content=\"[vc_row][vc_column offset=\u00bbvc_hidden-lg vc_hidden-md vc_hidden-sm\u00bb][vc_empty_space height=\u00bb82px\u00bb][\/vc_column][\/vc_row][vc_row css=\u00bb.vc_custom_1617878235212{padding-top: 100px !important;}\u00bb pattern_svg_path=\u00bb\u00bb][vc_column width=\u00bb1\/4&#8243;][\/vc_column][vc_column width=\u00bb1\/2&#8243;][vc_empty_space height=\u00bb12px\u00bb][\/vc_column][vc_column width=\u00bb1\/4&#8243;][\/vc_column][\/vc_row][vc_row row_content_width=\u00bbgrid\u00bb content_text_aligment=\u00bbcenter\u00bb css=\u00bb.vc_custom_1617878240456{padding-top: 30px !important;padding-bottom: 80px !important;}\u00bb pattern_svg_path=\u00bb\u00bb][vc_column offset=\u00bbvc_col-lg-3 vc_col-md-12&#8243;][\/vc_column][vc_column offset=\u00bbvc_col-lg-6 vc_col-md-12&#8243;][\/vc_column][vc_column offset=\u00bbvc_col-lg-3 vc_col-md-12&#8243;][\/vc_column][\/vc_row][vc_row row_content_width=\u00bbgrid\u00bb content_text_aligment=\u00bbcenter\u00bb css=\u00bb.vc_custom_1617894950643{padding-top: 18.7% !important;padding-bottom: 18.7% !important;}\u00bb parallax_background_image=\u00bb2833&#8243; pattern_svg_path=\u00bb\u00bb][vc_column][\/vc_column][\/vc_row][vc_row css=\u00bb.vc_custom_1617876970420{padding-top: 107px !important;padding-bottom: 85px !important;}\u00bb pattern_svg_path=\u00bb\u00bb][vc_column][\/vc_column][\/vc_row]\" \/>\n<meta property=\"og:url\" content=\"https:\/\/xn--leaallomo-m6a.com\/?page_id=625\" \/>\n<meta property=\"og:site_name\" content=\"Le\u00f1a al Lomo\" \/>\n<meta property=\"article:modified_time\" content=\"2024-04-08T11:23:36+00:00\" \/>\n<meta name=\"twitter:card\" content=\"summary_large_image\" \/>\n<meta name=\"twitter:label1\" content=\"Tiempo de lectura\" \/>\n\t<meta name=\"twitter:data1\" content=\"2 minutos\" \/>\n<script type=\"application\/ld+json\" class=\"yoast-schema-graph\">{\"@context\":\"https:\/\/schema.org\",\"@graph\":[{\"@type\":\"WebPage\",\"@id\":\"https:\/\/xn--leaallomo-m6a.com\/?page_id=625\",\"url\":\"https:\/\/xn--leaallomo-m6a.com\/?page_id=625\",\"name\":\"Qui\u00e9nes somos - Le\u00f1a al Lomo\",\"isPartOf\":{\"@id\":\"https:\/\/xn--leaallomo-m6a.com\/#website\"},\"datePublished\":\"2019-10-29T12:01:15+00:00\",\"dateModified\":\"2024-04-08T11:23:36+00:00\",\"breadcrumb\":{\"@id\":\"https:\/\/xn--leaallomo-m6a.com\/?page_id=625#breadcrumb\"},\"inLanguage\":\"es\",\"potentialAction\":[{\"@type\":\"ReadAction\",\"target\":[\"https:\/\/xn--leaallomo-m6a.com\/?page_id=625\"]}]},{\"@type\":\"BreadcrumbList\",\"@id\":\"https:\/\/xn--leaallomo-m6a.com\/?page_id=625#breadcrumb\",\"itemListElement\":[{\"@type\":\"ListItem\",\"position\":1,\"name\":\"Portada\",\"item\":\"https:\/\/xn--leaallomo-m6a.com\/\"},{\"@type\":\"ListItem\",\"position\":2,\"name\":\"Qui\u00e9nes somos\"}]},{\"@type\":\"WebSite\",\"@id\":\"https:\/\/xn--leaallomo-m6a.com\/#website\",\"url\":\"https:\/\/xn--leaallomo-m6a.com\/\",\"name\":\"Le\u00f1a al Lomo\",\"description\":\"\",\"potentialAction\":[{\"@type\":\"SearchAction\",\"target\":{\"@type\":\"EntryPoint\",\"urlTemplate\":\"https:\/\/xn--leaallomo-m6a.com\/?s={search_term_string}\"},\"query-input\":{\"@type\":\"PropertyValueSpecification\",\"valueRequired\":true,\"valueName\":\"search_term_string\"}}],\"inLanguage\":\"es\"}]}<\/script>\n<!-- \/ Yoast SEO plugin. -->","yoast_head_json":{"title":"Qui\u00e9nes somos - Le\u00f1a al Lomo","robots":{"index":"index","follow":"follow","max-snippet":"max-snippet:-1","max-image-preview":"max-image-preview:large","max-video-preview":"max-video-preview:-1"},"canonical":"https:\/\/xn--leaallomo-m6a.com\/?page_id=625","og_locale":"es_ES","og_type":"article","og_title":"Qui\u00e9nes somos - Le\u00f1a al Lomo","og_description":"[vc_row][vc_column offset=\u00bbvc_hidden-lg vc_hidden-md vc_hidden-sm\u00bb][vc_empty_space height=\u00bb82px\u00bb][\/vc_column][\/vc_row][vc_row css=\u00bb.vc_custom_1617878235212{padding-top: 100px !important;}\u00bb pattern_svg_path=\u00bb\u00bb][vc_column width=\u00bb1\/4&#8243;][\/vc_column][vc_column width=\u00bb1\/2&#8243;][vc_empty_space height=\u00bb12px\u00bb][\/vc_column][vc_column width=\u00bb1\/4&#8243;][\/vc_column][\/vc_row][vc_row row_content_width=\u00bbgrid\u00bb content_text_aligment=\u00bbcenter\u00bb css=\u00bb.vc_custom_1617878240456{padding-top: 30px !important;padding-bottom: 80px !important;}\u00bb pattern_svg_path=\u00bb\u00bb][vc_column offset=\u00bbvc_col-lg-3 vc_col-md-12&#8243;][\/vc_column][vc_column offset=\u00bbvc_col-lg-6 vc_col-md-12&#8243;][\/vc_column][vc_column offset=\u00bbvc_col-lg-3 vc_col-md-12&#8243;][\/vc_column][\/vc_row][vc_row row_content_width=\u00bbgrid\u00bb content_text_aligment=\u00bbcenter\u00bb css=\u00bb.vc_custom_1617894950643{padding-top: 18.7% !important;padding-bottom: 18.7% !important;}\u00bb parallax_background_image=\u00bb2833&#8243; pattern_svg_path=\u00bb\u00bb][vc_column][\/vc_column][\/vc_row][vc_row css=\u00bb.vc_custom_1617876970420{padding-top: 107px !important;padding-bottom: 85px !important;}\u00bb pattern_svg_path=\u00bb\u00bb][vc_column][\/vc_column][\/vc_row]","og_url":"https:\/\/xn--leaallomo-m6a.com\/?page_id=625","og_site_name":"Le\u00f1a al Lomo","article_modified_time":"2024-04-08T11:23:36+00:00","twitter_card":"summary_large_image","twitter_misc":{"Tiempo de lectura":"2 minutos"},"schema":{"@context":"https:\/\/schema.org","@graph":[{"@type":"WebPage","@id":"https:\/\/xn--leaallomo-m6a.com\/?page_id=625","url":"https:\/\/xn--leaallomo-m6a.com\/?page_id=625","name":"Qui\u00e9nes somos - Le\u00f1a al Lomo","isPartOf":{"@id":"https:\/\/xn--leaallomo-m6a.com\/#website"},"datePublished":"2019-10-29T12:01:15+00:00","dateModified":"2024-04-08T11:23:36+00:00","breadcrumb":{"@id":"https:\/\/xn--leaallomo-m6a.com\/?page_id=625#breadcrumb"},"inLanguage":"es","potentialAction":[{"@type":"ReadAction","target":["https:\/\/xn--leaallomo-m6a.com\/?page_id=625"]}]},{"@type":"BreadcrumbList","@id":"https:\/\/xn--leaallomo-m6a.com\/?page_id=625#breadcrumb","itemListElement":[{"@type":"ListItem","position":1,"name":"Portada","item":"https:\/\/xn--leaallomo-m6a.com\/"},{"@type":"ListItem","position":2,"name":"Qui\u00e9nes somos"}]},{"@type":"WebSite","@id":"https:\/\/xn--leaallomo-m6a.com\/#website","url":"https:\/\/xn--leaallomo-m6a.com\/","name":"Le\u00f1a al Lomo","description":"","potentialAction":[{"@type":"SearchAction","target":{"@type":"EntryPoint","urlTemplate":"https:\/\/xn--leaallomo-m6a.com\/?s={search_term_string}"},"query-input":{"@type":"PropertyValueSpecification","valueRequired":true,"valueName":"search_term_string"}}],"inLanguage":"es"}]}},"_links":{"self":[{"href":"https:\/\/xn--leaallomo-m6a.com\/index.php?rest_route=\/wp\/v2\/pages\/625","targetHints":{"allow":["GET"]}}],"collection":[{"href":"https:\/\/xn--leaallomo-m6a.com\/index.php?rest_route=\/wp\/v2\/pages"}],"about":[{"href":"https:\/\/xn--leaallomo-m6a.com\/index.php?rest_route=\/wp\/v2\/types\/page"}],"author":[{"embeddable":true,"href":"https:\/\/xn--leaallomo-m6a.com\/index.php?rest_route=\/wp\/v2\/users\/1"}],"replies":[{"embeddable":true,"href":"https:\/\/xn--leaallomo-m6a.com\/index.php?rest_route=%2Fwp%2Fv2%2Fcomments&post=625"}],"version-history":[{"count":43,"href":"https:\/\/xn--leaallomo-m6a.com\/index.php?rest_route=\/wp\/v2\/pages\/625\/revisions"}],"predecessor-version":[{"id":3191,"href":"https:\/\/xn--leaallomo-m6a.com\/index.php?rest_route=\/wp\/v2\/pages\/625\/revisions\/3191"}],"wp:attachment":[{"href":"https:\/\/xn--leaallomo-m6a.com\/index.php?rest_route=%2Fwp%2Fv2%2Fmedia&parent=625"}],"curies":[{"name":"wp","href":"https:\/\/api.w.org\/{rel}","templated":true}]}}