{"id":2940,"date":"2021-04-09T06:58:22","date_gmt":"2021-04-09T06:58:22","guid":{"rendered":"https:\/\/xn--leaallomo-m6a.com\/prueba\/?page_id=2940"},"modified":"2021-04-09T07:19:02","modified_gmt":"2021-04-09T07:19:02","slug":"aviso-legal","status":"publish","type":"page","link":"https:\/\/xn--leaallomo-m6a.com\/?page_id=2940","title":{"rendered":"Aviso legal"},"content":{"rendered":"<div class=\"wpb-content-wrapper\"><p>[vc_row row_content_width=\u00bbgrid\u00bb center_bck_image=\u00bbno\u00bb bg_type=\u00bbbg_color\u00bb bg_override=\u00bbex-full\u00bb pattern_svg_path=\u00bb\u00bb css=\u00bb.vc_custom_1617952038672{padding-top: 20px !important;padding-bottom: 50px !important;}\u00bb][vc_column][vc_column_text]<\/p>\n<h2><span style=\"font-size: 22pt;\">Aviso legal<\/span><\/h2>\n<p>[\/vc_column_text][vc_empty_space height=\u00bb30px\u00bb][vc_column_text css=\u00bb.vc_custom_1617952718389{margin-top: -15px !important;}\u00bb]<\/p>\n<p style=\"text-align: left;\"><span style=\"font-size: 19pt; color: #c9ab81; font-weight: 500;\">DATOS IDENTIFICATIVOS DEL PRESTADOR DE SERVICIOS DE LA SOCIEDAD DE LA INFORMACI\u00d3N<\/span><\/p>\n<p style=\"text-align: left;\">De acuerdo con lo establecido en el art\u00edculo 10 de la Ley 34\/2002, de 11 de julio, de servicios de la sociedad de la informaci\u00f3n y de comercio electr\u00f3nico, se informa al usuario de esta web de lo siguiente:<\/p>\n<p style=\"text-align: left;\">La web le\u00f1aallomo.com\u00a0ha sido creada con la finalidad de informar al usuario sobre los servicios que ofrecemos y que \u00e9stos puedan accesar desde la misma a la plataforma tecnol\u00f3gica.<\/p>\n<p style=\"text-align: left;\">Los usuarios que lo requieran, pueden contactar con la empresa de forma directa y efectiva, a trav\u00e9s de los siguientes medios:<\/p>\n<p style=\"text-align: left;\"><i class=\"fa fa-long-arrow-right verde\" aria-hidden=\"true\"><\/i> <strong>Domicilio social:\u00a0<\/strong>Calle Progreso 14 (El provenir) 41013 \u2013 Sevilla.<\/p>\n<p style=\"text-align: left;\"><i class=\"fa fa-long-arrow-right verde\" aria-hidden=\"true\"><\/i> <strong>CIF:\u00a0<\/strong>B90159948<\/p>\n<p style=\"text-align: left;\"><i class=\"fa fa-long-arrow-right verde\" aria-hidden=\"true\"><\/i> <strong>Correo electr\u00f3nico: <\/strong><a href=\"mailto:reservas@lenaallomo.com\">reservas@lenaallomo.com<\/a><\/p>\n<p style=\"text-align: left;\">Queda como medio de contacto para los usuarios que quieran contactar con la empresa en cualquier momento, de forma f\u00e1cil y gratuita, garantizando la efectividad en la comunicaci\u00f3n.<\/p>\n<p>[\/vc_column_text][vc_empty_space height=\u00bb20px\u00bb][vc_column_text]<\/p>\n<p style=\"text-align: left;\"><span style=\"font-size: 19pt; color: #c9ab81; font-weight: 500;\">ACEPTACI\u00d3N Y VIGENCIA DE LAS CONDICIONES GENERALES Y PARTICULARES<\/span><\/p>\n<p>Tanto la navegaci\u00f3n como la utilizaci\u00f3n y\/o pedido de cualesquiera de los productos ofrecidos en esta p\u00e1gina Web le atribuye a Ud. la condici\u00f3n de Usuario y supone su aceptaci\u00f3n plena y sin reservas de todas y cada una de las Condiciones Generales y, en su caso, Particulares vigentes en el momento en que Ud. como Usuario acceda a la p\u00e1gina Web.<\/p>\n<p><strong>CAFEVALLE CARBONERA ANDALUZA S.L.<\/strong>\u00a0Se reserva el derecho a ampliar y modificar unilateralmente, en cualquier momento y sin previo aviso, la presentaci\u00f3n, configuraci\u00f3n y contenidos de la p\u00e1gina Web, as\u00ed como suspender temporalmente la presentaci\u00f3n, configuraci\u00f3n, especificaciones t\u00e9cnicas y servicios del sitio web, de la misma forma.[\/vc_column_text][\/vc_column][\/vc_row]<\/p>\n<\/div>","protected":false},"excerpt":{"rendered":"<p>[vc_row row_content_width=\u00bbgrid\u00bb center_bck_image=\u00bbno\u00bb bg_type=\u00bbbg_color\u00bb bg_override=\u00bbex-full\u00bb pattern_svg_path=\u00bb\u00bb css=\u00bb.vc_custom_1617952038672{padding-top: 20px !important;padding-bottom: 50px !important;}\u00bb][vc_column][vc_column_text] Aviso legal [\/vc_column_text][vc_empty_space height=\u00bb30px\u00bb][vc_column_text css=\u00bb.vc_custom_1617952718389{margin-top: -15px !important;}\u00bb] DATOS IDENTIFICATIVOS DEL PRESTADOR DE SERVICIOS DE LA SOCIEDAD DE LA INFORMACI\u00d3N De acuerdo con lo establecido en el art\u00edculo 10 de la Ley 34\/2002, de 11 de julio, de servicios de la sociedad de la informaci\u00f3n y de comercio electr\u00f3nico, se [&hellip;]<\/p>\n","protected":false},"author":1,"featured_media":0,"parent":0,"menu_order":0,"comment_status":"closed","ping_status":"closed","template":"full-width.php","meta":{"footnotes":""},"class_list":["post-2940","page","type-page","status-publish","hentry"],"yoast_head":"<!-- This site is optimized with the Yoast SEO plugin v25.3 - https:\/\/yoast.com\/wordpress\/plugins\/seo\/ -->\n<title>Aviso legal - Le\u00f1a al Lomo<\/title>\n<meta name=\"robots\" content=\"index, follow, max-snippet:-1, max-image-preview:large, max-video-preview:-1\" \/>\n<link rel=\"canonical\" href=\"https:\/\/xn--leaallomo-m6a.com\/?page_id=2940\" \/>\n<meta property=\"og:locale\" content=\"es_ES\" \/>\n<meta property=\"og:type\" content=\"article\" \/>\n<meta property=\"og:title\" content=\"Aviso legal - Le\u00f1a al Lomo\" \/>\n<meta property=\"og:description\" content=\"[vc_row row_content_width=\u00bbgrid\u00bb center_bck_image=\u00bbno\u00bb bg_type=\u00bbbg_color\u00bb bg_override=\u00bbex-full\u00bb pattern_svg_path=\u00bb\u00bb css=\u00bb.vc_custom_1617952038672{padding-top: 20px !important;padding-bottom: 50px !important;}\u00bb][vc_column][vc_column_text] Aviso legal [\/vc_column_text][vc_empty_space height=\u00bb30px\u00bb][vc_column_text css=\u00bb.vc_custom_1617952718389{margin-top: -15px !important;}\u00bb] DATOS IDENTIFICATIVOS DEL PRESTADOR DE SERVICIOS DE LA SOCIEDAD DE LA INFORMACI\u00d3N De acuerdo con lo establecido en el art\u00edculo 10 de la Ley 34\/2002, de 11 de julio, de servicios de la sociedad de la informaci\u00f3n y de comercio electr\u00f3nico, se [&hellip;]\" \/>\n<meta property=\"og:url\" content=\"https:\/\/xn--leaallomo-m6a.com\/?page_id=2940\" \/>\n<meta property=\"og:site_name\" content=\"Le\u00f1a al Lomo\" \/>\n<meta property=\"article:modified_time\" content=\"2021-04-09T07:19:02+00:00\" \/>\n<meta name=\"twitter:card\" content=\"summary_large_image\" \/>\n<meta name=\"twitter:label1\" content=\"Tiempo de lectura\" \/>\n\t<meta name=\"twitter:data1\" content=\"2 minutos\" \/>\n<script type=\"application\/ld+json\" class=\"yoast-schema-graph\">{\"@context\":\"https:\/\/schema.org\",\"@graph\":[{\"@type\":\"WebPage\",\"@id\":\"https:\/\/xn--leaallomo-m6a.com\/?page_id=2940\",\"url\":\"https:\/\/xn--leaallomo-m6a.com\/?page_id=2940\",\"name\":\"Aviso legal - Le\u00f1a al Lomo\",\"isPartOf\":{\"@id\":\"https:\/\/xn--leaallomo-m6a.com\/#website\"},\"datePublished\":\"2021-04-09T06:58:22+00:00\",\"dateModified\":\"2021-04-09T07:19:02+00:00\",\"breadcrumb\":{\"@id\":\"https:\/\/xn--leaallomo-m6a.com\/?page_id=2940#breadcrumb\"},\"inLanguage\":\"es\",\"potentialAction\":[{\"@type\":\"ReadAction\",\"target\":[\"https:\/\/xn--leaallomo-m6a.com\/?page_id=2940\"]}]},{\"@type\":\"BreadcrumbList\",\"@id\":\"https:\/\/xn--leaallomo-m6a.com\/?page_id=2940#breadcrumb\",\"itemListElement\":[{\"@type\":\"ListItem\",\"position\":1,\"name\":\"Portada\",\"item\":\"https:\/\/xn--leaallomo-m6a.com\/\"},{\"@type\":\"ListItem\",\"position\":2,\"name\":\"Aviso legal\"}]},{\"@type\":\"WebSite\",\"@id\":\"https:\/\/xn--leaallomo-m6a.com\/#website\",\"url\":\"https:\/\/xn--leaallomo-m6a.com\/\",\"name\":\"Le\u00f1a al Lomo\",\"description\":\"\",\"potentialAction\":[{\"@type\":\"SearchAction\",\"target\":{\"@type\":\"EntryPoint\",\"urlTemplate\":\"https:\/\/xn--leaallomo-m6a.com\/?s={search_term_string}\"},\"query-input\":{\"@type\":\"PropertyValueSpecification\",\"valueRequired\":true,\"valueName\":\"search_term_string\"}}],\"inLanguage\":\"es\"}]}<\/script>\n<!-- \/ Yoast SEO plugin. -->","yoast_head_json":{"title":"Aviso legal - Le\u00f1a al Lomo","robots":{"index":"index","follow":"follow","max-snippet":"max-snippet:-1","max-image-preview":"max-image-preview:large","max-video-preview":"max-video-preview:-1"},"canonical":"https:\/\/xn--leaallomo-m6a.com\/?page_id=2940","og_locale":"es_ES","og_type":"article","og_title":"Aviso legal - Le\u00f1a al Lomo","og_description":"[vc_row row_content_width=\u00bbgrid\u00bb center_bck_image=\u00bbno\u00bb bg_type=\u00bbbg_color\u00bb bg_override=\u00bbex-full\u00bb pattern_svg_path=\u00bb\u00bb css=\u00bb.vc_custom_1617952038672{padding-top: 20px !important;padding-bottom: 50px !important;}\u00bb][vc_column][vc_column_text] Aviso legal [\/vc_column_text][vc_empty_space height=\u00bb30px\u00bb][vc_column_text css=\u00bb.vc_custom_1617952718389{margin-top: -15px !important;}\u00bb] DATOS IDENTIFICATIVOS DEL PRESTADOR DE SERVICIOS DE LA SOCIEDAD DE LA INFORMACI\u00d3N De acuerdo con lo establecido en el art\u00edculo 10 de la Ley 34\/2002, de 11 de julio, de servicios de la sociedad de la informaci\u00f3n y de comercio electr\u00f3nico, se [&hellip;]","og_url":"https:\/\/xn--leaallomo-m6a.com\/?page_id=2940","og_site_name":"Le\u00f1a al Lomo","article_modified_time":"2021-04-09T07:19:02+00:00","twitter_card":"summary_large_image","twitter_misc":{"Tiempo de lectura":"2 minutos"},"schema":{"@context":"https:\/\/schema.org","@graph":[{"@type":"WebPage","@id":"https:\/\/xn--leaallomo-m6a.com\/?page_id=2940","url":"https:\/\/xn--leaallomo-m6a.com\/?page_id=2940","name":"Aviso legal - Le\u00f1a al Lomo","isPartOf":{"@id":"https:\/\/xn--leaallomo-m6a.com\/#website"},"datePublished":"2021-04-09T06:58:22+00:00","dateModified":"2021-04-09T07:19:02+00:00","breadcrumb":{"@id":"https:\/\/xn--leaallomo-m6a.com\/?page_id=2940#breadcrumb"},"inLanguage":"es","potentialAction":[{"@type":"ReadAction","target":["https:\/\/xn--leaallomo-m6a.com\/?page_id=2940"]}]},{"@type":"BreadcrumbList","@id":"https:\/\/xn--leaallomo-m6a.com\/?page_id=2940#breadcrumb","itemListElement":[{"@type":"ListItem","position":1,"name":"Portada","item":"https:\/\/xn--leaallomo-m6a.com\/"},{"@type":"ListItem","position":2,"name":"Aviso legal"}]},{"@type":"WebSite","@id":"https:\/\/xn--leaallomo-m6a.com\/#website","url":"https:\/\/xn--leaallomo-m6a.com\/","name":"Le\u00f1a al Lomo","description":"","potentialAction":[{"@type":"SearchAction","target":{"@type":"EntryPoint","urlTemplate":"https:\/\/xn--leaallomo-m6a.com\/?s={search_term_string}"},"query-input":{"@type":"PropertyValueSpecification","valueRequired":true,"valueName":"search_term_string"}}],"inLanguage":"es"}]}},"_links":{"self":[{"href":"https:\/\/xn--leaallomo-m6a.com\/index.php?rest_route=\/wp\/v2\/pages\/2940","targetHints":{"allow":["GET"]}}],"collection":[{"href":"https:\/\/xn--leaallomo-m6a.com\/index.php?rest_route=\/wp\/v2\/pages"}],"about":[{"href":"https:\/\/xn--leaallomo-m6a.com\/index.php?rest_route=\/wp\/v2\/types\/page"}],"author":[{"embeddable":true,"href":"https:\/\/xn--leaallomo-m6a.com\/index.php?rest_route=\/wp\/v2\/users\/1"}],"replies":[{"embeddable":true,"href":"https:\/\/xn--leaallomo-m6a.com\/index.php?rest_route=%2Fwp%2Fv2%2Fcomments&post=2940"}],"version-history":[{"count":8,"href":"https:\/\/xn--leaallomo-m6a.com\/index.php?rest_route=\/wp\/v2\/pages\/2940\/revisions"}],"predecessor-version":[{"id":2969,"href":"https:\/\/xn--leaallomo-m6a.com\/index.php?rest_route=\/wp\/v2\/pages\/2940\/revisions\/2969"}],"wp:attachment":[{"href":"https:\/\/xn--leaallomo-m6a.com\/index.php?rest_route=%2Fwp%2Fv2%2Fmedia&parent=2940"}],"curies":[{"name":"wp","href":"https:\/\/api.w.org\/{rel}","templated":true}]}}